{"id":4773,"date":"2026-02-26T09:03:48","date_gmt":"2026-02-26T16:03:48","guid":{"rendered":"https:\/\/azcces.info\/?page_id=4773"},"modified":"2026-02-26T09:38:33","modified_gmt":"2026-02-26T16:38:33","slug":"certified-home-providers-getting-started-spanish","status":"publish","type":"page","link":"https:\/\/azcces.info\/index.php\/certified-home-providers-getting-started-spanish\/","title":{"rendered":"Certified Home Providers Getting Started (Spanish)"},"content":{"rendered":"\t\t<div data-elementor-type=\"wp-page\" data-elementor-id=\"4773\" class=\"elementor elementor-4773\">\n\t\t\t\t<div class=\"elementor-element elementor-element-31f9b245 e-flex e-con-boxed e-con e-parent\" data-id=\"31f9b245\" data-element_type=\"container\" data-e-type=\"container\">\n\t\t\t\t\t<div class=\"e-con-inner\">\n\t\t\t\t<div class=\"elementor-element elementor-element-14f1cafd elementor-widget elementor-widget-heading\" data-id=\"14f1cafd\" data-element_type=\"widget\" data-e-type=\"widget\" data-widget_type=\"heading.default\">\n\t\t\t\t<div class=\"elementor-widget-container\">\n\t\t\t\t\t<h3 class=\"elementor-heading-title elementor-size-default\">\u00a1Bienvenido al Sistema Electr\u00f3nico de Cuidado Infantil de Arizona (CCES)!<\/h3>\t\t\t\t<\/div>\n\t\t\t\t<\/div>\n\t\t<div class=\"elementor-element elementor-element-6abd30fc e-con-full e-flex e-con e-child\" data-id=\"6abd30fc\" data-element_type=\"container\" data-e-type=\"container\">\n\t\t\t\t<div class=\"elementor-element elementor-element-415e6725 elementor-view-default elementor-widget elementor-widget-icon\" data-id=\"415e6725\" data-element_type=\"widget\" data-e-type=\"widget\" data-widget_type=\"icon.default\">\n\t\t\t\t<div class=\"elementor-widget-container\">\n\t\t\t\t\t\t\t<div class=\"elementor-icon-wrapper\">\n\t\t\t<a class=\"elementor-icon\" href=\"https:\/\/azcces.com\/kinderconnect\/\">\n\t\t\t<i aria-hidden=\"true\" class=\"tk tk-website\"><\/i>\t\t\t<\/a>\n\t\t<\/div>\n\t\t\t\t\t\t<\/div>\n\t\t\t\t<\/div>\n\t\t\t\t<div class=\"elementor-element elementor-element-d43602 elementor-widget elementor-widget-text-editor\" data-id=\"d43602\" data-element_type=\"widget\" data-e-type=\"widget\" data-widget_type=\"text-editor.default\">\n\t\t\t\t<div class=\"elementor-widget-container\">\n\t\t\t\t\t\t\t\t\t<p><a href=\"https:\/\/azcces.com\/kinderconnect\/\" target=\"_blank\" rel=\"noopener\">KinderConnect Arizona<\/a><\/p>\t\t\t\t\t\t\t\t<\/div>\n\t\t\t\t<\/div>\n\t\t\t\t<\/div>\n\t\t\t\t<div class=\"elementor-element elementor-element-b1bb867 elementor-widget elementor-widget-html\" data-id=\"b1bb867\" data-element_type=\"widget\" data-e-type=\"widget\" data-widget_type=\"html.default\">\n\t\t\t\t<div class=\"elementor-widget-container\">\n\t\t\t\t\t<figure class=\"wp-block-table\"><table><tbody>\r\n\r\n\r\n<tr class=\"has-black-color has-text-color has-link-color\"><td width=\"25%\">2\/17\/2026<\/td><td width=\"75%\">Entrenamiento para proveedores de hogares certificados en espa\u00f1ol - Parte 1 de 6 pm a 7:30 pm\r\n<\/td><\/tr>\r\n\r\n<tr class=\"has-black-color has-text-color has-link-color\"><td width=\"25%\">2\/25\/2026<\/td><td width=\"75%\">Entrenamiento para proveedores de hogares certificados en espa\u00f1ol - Parte 2 de 6 pm a 7:30 pm\r\n<\/td><\/tr>\r\n\r\n\r\n<\/tbody><\/table><\/figure>\t\t\t\t<\/div>\n\t\t\t\t<\/div>\n\t\t\t\t<div class=\"elementor-element elementor-element-446cceeb elementor-widget elementor-widget-text-editor\" data-id=\"446cceeb\" data-element_type=\"widget\" data-e-type=\"widget\" data-widget_type=\"text-editor.default\">\n\t\t\t\t<div class=\"elementor-widget-container\">\n\t\t\t\t\t\t\t\t\t<p>\u00a1Bienvenido Proveedor Nuevo! El CCES ofrecer\u00e1 a los proveedores de cuidado infantil contratados por el DES la capacidad de capturar los registros de entrada y salida de los cuidadores, padres y tutores, y someter las facturas al DES a trav\u00e9s de un proceso totalmente automatizado.<\/p><p>Esta p\u00e1gina proveer\u00e1 una introducci\u00f3n de c\u00f3mo funciona el nuevo sistema, le guiar\u00e1 a trav\u00e9s del proceso de registro, y demostrar\u00e1 c\u00f3mo ayudarle a sus adultos responsables para registrar la asistencia.<\/p>\t\t\t\t\t\t\t\t<\/div>\n\t\t\t\t<\/div>\n\t\t\t\t<div class=\"elementor-element elementor-element-5c8fd5ca elementor-widget-divider--view-line elementor-widget elementor-widget-divider\" data-id=\"5c8fd5ca\" data-element_type=\"widget\" data-e-type=\"widget\" data-widget_type=\"divider.default\">\n\t\t\t\t<div class=\"elementor-widget-container\">\n\t\t\t\t\t\t\t<div class=\"elementor-divider\">\n\t\t\t<span class=\"elementor-divider-separator\">\n\t\t\t\t\t\t<\/span>\n\t\t<\/div>\n\t\t\t\t\t\t<\/div>\n\t\t\t\t<\/div>\n\t\t\t\t\t<\/div>\n\t\t\t\t<\/div>\n\t\t<div class=\"elementor-element elementor-element-12a33ae5 e-flex e-con-boxed e-con e-parent\" data-id=\"12a33ae5\" data-element_type=\"container\" data-e-type=\"container\" data-settings=\"{&quot;background_background&quot;:&quot;classic&quot;}\">\n\t\t\t\t\t<div class=\"e-con-inner\">\n\t\t\t\t<div class=\"elementor-element elementor-element-350b7452 elementor-widget elementor-widget-heading\" data-id=\"350b7452\" data-element_type=\"widget\" data-e-type=\"widget\" data-widget_type=\"heading.default\">\n\t\t\t\t<div class=\"elementor-widget-container\">\n\t\t\t\t\t<h3 class=\"elementor-heading-title elementor-size-default\">Paso 1: Introducci\u00f3n<\/h3>\t\t\t\t<\/div>\n\t\t\t\t<\/div>\n\t\t\t\t<div class=\"elementor-element elementor-element-c0c6d90 elementor-widget elementor-widget-video\" data-id=\"c0c6d90\" data-element_type=\"widget\" data-e-type=\"widget\" data-settings=\"{&quot;video_type&quot;:&quot;vimeo&quot;}\" data-widget_type=\"video.default\">\n\t\t\t\t<div class=\"elementor-widget-container\">\n\t\t\t\t\t\t\t<div class=\"elementor-wrapper elementor-open-inline\">\n\t\t\t<iframe class=\"elementor-video-iframe\" allowfullscreen allow=\"clipboard-write\" title=\"vimeo Video Player\" src=\"https:\/\/player.vimeo.com\/video\/995925294?color&amp;autopause=0&amp;loop=0&amp;muted=0&amp;title=1&amp;portrait=1&amp;byline=1&amp;h=9f9bdb2d07#t=\"><\/iframe>\t\t<\/div>\n\t\t\t\t\t\t<\/div>\n\t\t\t\t<\/div>\n\t\t\t\t<div class=\"elementor-element elementor-element-3168da15 elementor-widget elementor-widget-spacer\" data-id=\"3168da15\" data-element_type=\"widget\" data-e-type=\"widget\" data-widget_type=\"spacer.default\">\n\t\t\t\t<div class=\"elementor-widget-container\">\n\t\t\t\t\t\t\t<div class=\"elementor-spacer\">\n\t\t\t<div class=\"elementor-spacer-inner\"><\/div>\n\t\t<\/div>\n\t\t\t\t\t\t<\/div>\n\t\t\t\t<\/div>\n\t\t\t\t\t<\/div>\n\t\t\t\t<\/div>\n\t\t<div class=\"elementor-element elementor-element-77934c10 e-flex e-con-boxed e-con e-parent\" data-id=\"77934c10\" data-element_type=\"container\" data-e-type=\"container\" data-settings=\"{&quot;background_background&quot;:&quot;classic&quot;}\">\n\t\t\t\t\t<div class=\"e-con-inner\">\n\t\t\t\t<div class=\"elementor-element elementor-element-51f9a9b3 elementor-widget elementor-widget-heading\" data-id=\"51f9a9b3\" data-element_type=\"widget\" data-e-type=\"widget\" data-widget_type=\"heading.default\">\n\t\t\t\t<div class=\"elementor-widget-container\">\n\t\t\t\t\t<h3 class=\"elementor-heading-title elementor-size-default\">Paso 2: C\u00f3digo de Verificaci\u00f3n (PIN)<\/h3>\t\t\t\t<\/div>\n\t\t\t\t<\/div>\n\t\t\t\t<div class=\"elementor-element elementor-element-302af174 elementor-widget elementor-widget-text-editor\" data-id=\"302af174\" data-element_type=\"widget\" data-e-type=\"widget\" data-widget_type=\"text-editor.default\">\n\t\t\t\t<div class=\"elementor-widget-container\">\n\t\t\t\t\t\t\t\t\t<p>Despu\u00e9s de firmar su acuerdo de participaci\u00f3n, DES le enviar\u00e1 la informaci\u00f3n de verificaci\u00f3n necesaria para registrar su cuenta de KinderConnect.<\/p>\t\t\t\t\t\t\t\t<\/div>\n\t\t\t\t<\/div>\n\t\t\t\t\t<\/div>\n\t\t\t\t<\/div>\n\t\t<div class=\"elementor-element elementor-element-1f9463c3 e-flex e-con-boxed e-con e-parent\" data-id=\"1f9463c3\" data-element_type=\"container\" data-e-type=\"container\" data-settings=\"{&quot;background_background&quot;:&quot;classic&quot;}\">\n\t\t\t\t\t<div class=\"e-con-inner\">\n\t\t\t\t<div class=\"elementor-element elementor-element-7d379d61 elementor-widget elementor-widget-heading\" data-id=\"7d379d61\" data-element_type=\"widget\" data-e-type=\"widget\" data-widget_type=\"heading.default\">\n\t\t\t\t<div class=\"elementor-widget-container\">\n\t\t\t\t\t<h3 class=\"elementor-heading-title elementor-size-default\">Paso 3: Registro en KinderConnect<\/h3>\t\t\t\t<\/div>\n\t\t\t\t<\/div>\n\t\t\t\t<div class=\"elementor-element elementor-element-786d60b9 elementor-widget elementor-widget-text-editor\" data-id=\"786d60b9\" data-element_type=\"widget\" data-e-type=\"widget\" data-widget_type=\"text-editor.default\">\n\t\t\t\t<div class=\"elementor-widget-container\">\n\t\t\t\t\t\t\t\t\t<p>Una vez que reciba su ID de Proveedor DES y el c\u00f3digo de verificaci\u00f3n, estar\u00e1 listo para completar el registro en KinderConnect. Utilice la gu\u00eda y el v\u00eddeo siguientes.\u200b<\/p>\t\t\t\t\t\t\t\t<\/div>\n\t\t\t\t<\/div>\n\t\t\t\t<div class=\"elementor-element elementor-element-36e0648 elementor-widget elementor-widget-video\" data-id=\"36e0648\" data-element_type=\"widget\" data-e-type=\"widget\" data-settings=\"{&quot;video_type&quot;:&quot;vimeo&quot;}\" data-widget_type=\"video.default\">\n\t\t\t\t<div class=\"elementor-widget-container\">\n\t\t\t\t\t\t\t<div class=\"elementor-wrapper elementor-open-inline\">\n\t\t\t<iframe class=\"elementor-video-iframe\" allowfullscreen allow=\"clipboard-write\" title=\"vimeo Video Player\" src=\"https:\/\/player.vimeo.com\/video\/995866580?color&amp;autopause=0&amp;loop=0&amp;muted=0&amp;title=1&amp;portrait=0&amp;byline=0&amp;h=0643bafa68#t=\"><\/iframe>\t\t<\/div>\n\t\t\t\t\t\t<\/div>\n\t\t\t\t<\/div>\n\t\t\t\t<div class=\"elementor-element elementor-element-235c621f elementor-widget elementor-widget-text-editor\" data-id=\"235c621f\" data-element_type=\"widget\" data-e-type=\"widget\" data-widget_type=\"text-editor.default\">\n\t\t\t\t<div class=\"elementor-widget-container\">\n\t\t\t\t\t\t\t\t\t<p><a href=\"https:\/\/azcces.info\/wp-content\/uploads\/2024\/02\/KC-QRC-Initial-Provider-Registration-AZ-0224Sp.pdf\" target=\"_blank\" rel=\"noopener\">Registro de proveedores en KinderConnect<\/a><\/p>\t\t\t\t\t\t\t\t<\/div>\n\t\t\t\t<\/div>\n\t\t\t\t\t<\/div>\n\t\t\t\t<\/div>\n\t\t<div class=\"elementor-element elementor-element-5d42bfd1 e-flex e-con-boxed e-con e-parent\" data-id=\"5d42bfd1\" data-element_type=\"container\" data-e-type=\"container\" id=\"next\">\n\t\t\t\t\t<div class=\"e-con-inner\">\n\t\t\t\t<div class=\"elementor-element elementor-element-2f40e49 elementor-widget elementor-widget-heading\" data-id=\"2f40e49\" data-element_type=\"widget\" data-e-type=\"widget\" data-widget_type=\"heading.default\">\n\t\t\t\t<div class=\"elementor-widget-container\">\n\t\t\t\t\t<h3 class=\"elementor-heading-title elementor-size-default\">Paso 4: Informaci\u00f3n de Registro del Adulto Responsable<\/h3>\t\t\t\t<\/div>\n\t\t\t\t<\/div>\n\t\t\t\t<div class=\"elementor-element elementor-element-32d7ca1d elementor-widget elementor-widget-text-editor\" data-id=\"32d7ca1d\" data-element_type=\"widget\" data-e-type=\"widget\" data-widget_type=\"text-editor.default\">\n\t\t\t\t<div class=\"elementor-widget-container\">\n\t\t\t\t\t\t\t\t\t<p>Despu\u00e9s de crear su cuenta, informe a los padres y adultos responsables que configuren KinderSmart y\/o KinderSign para grabar la asistencia. Por favor, revise los detalles de ambos en los paneles de abajo y seleccione el\/los m\u00e9todo\/s que funcione mejor.<\/p>\t\t\t\t\t\t\t\t<\/div>\n\t\t\t\t<\/div>\n\t\t\t\t<div class=\"elementor-element elementor-element-471085da thim-widget-tab e-n-tabs-tablet elementor-widget elementor-widget-n-tabs\" data-id=\"471085da\" data-element_type=\"widget\" data-e-type=\"widget\" data-settings=\"{&quot;tabs_justify_horizontal&quot;:&quot;stretch&quot;,&quot;horizontal_scroll&quot;:&quot;disable&quot;}\" data-widget_type=\"nested-tabs.default\">\n\t\t\t\t<div class=\"elementor-widget-container\">\n\t\t\t\t\t\t\t<div class=\"e-n-tabs\" data-widget-number=\"1192265178\" aria-label=\"Tabs. Open items with Enter or Space, close with Escape and navigate using the Arrow keys.\">\n\t\t\t<div class=\"e-n-tabs-heading\" role=\"tablist\">\n\t\t\t\t\t<button id=\"e-n-tab-title-11922651781\" data-tab-title-id=\"e-n-tab-title-11922651781\" class=\"e-n-tab-title\" aria-selected=\"true\" data-tab-index=\"1\" role=\"tab\" tabindex=\"0\" aria-controls=\"e-n-tab-content-11922651781\" style=\"--n-tabs-title-order: 1;\">\n\t\t\t\t\t\t<span class=\"e-n-tab-title-text\">\n\t\t\t\tKinderSmart (El adulto responsable utiliza su propio tel\u00e9fono)\t\t\t<\/span>\n\t\t<\/button>\n\t\t\t\t<button id=\"e-n-tab-title-11922651782\" data-tab-title-id=\"e-n-tab-title-11922651782\" class=\"e-n-tab-title\" aria-selected=\"false\" data-tab-index=\"2\" role=\"tab\" tabindex=\"-1\" aria-controls=\"e-n-tab-content-11922651782\" style=\"--n-tabs-title-order: 2;\">\n\t\t\t\t\t\t<span class=\"e-n-tab-title-text\">\n\t\t\t\tKinderSign (El adulto responsable utiliza la tableta del proveedor)\t\t\t<\/span>\n\t\t<\/button>\n\t\t\t\t\t<\/div>\n\t\t\t<div class=\"e-n-tabs-content\">\n\t\t\t\t<div id=\"e-n-tab-content-11922651781\" role=\"tabpanel\" aria-labelledby=\"e-n-tab-title-11922651781\" data-tab-index=\"1\" style=\"--n-tabs-title-order: 1;\" class=\"e-active elementor-element elementor-element-761090b e-con-full e-flex e-con e-child\" data-id=\"761090b\" data-element_type=\"container\" data-e-type=\"container\">\n\t\t<div class=\"elementor-element elementor-element-3d39e31c e-flex e-con-boxed e-con e-child\" data-id=\"3d39e31c\" data-element_type=\"container\" data-e-type=\"container\">\n\t\t\t\t\t<div class=\"e-con-inner\">\n\t\t\t\t<div class=\"elementor-element elementor-element-4631b955 elementor-widget elementor-widget-text-editor\" data-id=\"4631b955\" data-element_type=\"widget\" data-e-type=\"widget\" data-widget_type=\"text-editor.default\">\n\t\t\t\t<div class=\"elementor-widget-container\">\n\t\t\t\t\t\t\t\t\t<p><strong>Los Adultos Responsables Utilizan sus Tel\u00e9fonos Personales<\/strong><\/p><p><strong>Paso 1<\/strong>: <a href=\"https:\/\/azcces.info\/wp-content\/uploads\/2024\/06\/KSmart-QRC-Sponsor-Registration-AZ-Sp0224.pdf\" target=\"_blank\" rel=\"noopener\">Imprimir el Registro de KinderSmart por cada Adulto Responsable<\/a><\/p><p>Para que los adultos personales puedan registrar la asistencia mediante sus tel\u00e9fonos, deber\u00e1 proveer un Formulario de Registro de KinderSmart para cada adulto responsable individual e imprimir la Hoja de Registro M\u00f3vil del Proveedor que todos los adultos responsables compartir\u00e1n desde su cuenta de KinderConnect. Siga las instrucciones a continuaci\u00f3n.<\/p>\t\t\t\t\t\t\t\t<\/div>\n\t\t\t\t<\/div>\n\t\t\t\t<div class=\"elementor-element elementor-element-7ce35429 elementor-widget elementor-widget-video\" data-id=\"7ce35429\" data-element_type=\"widget\" data-e-type=\"widget\" data-settings=\"{&quot;video_type&quot;:&quot;vimeo&quot;}\" data-widget_type=\"video.default\">\n\t\t\t\t<div class=\"elementor-widget-container\">\n\t\t\t\t\t\t\t<div class=\"elementor-wrapper elementor-open-inline\">\n\t\t\t<iframe class=\"elementor-video-iframe\" allowfullscreen allow=\"clipboard-write\" title=\"vimeo Video Player\" src=\"https:\/\/player.vimeo.com\/video\/1043664429?color&amp;autopause=0&amp;loop=0&amp;muted=0&amp;title=1&amp;portrait=0&amp;byline=0&amp;h=2cd6187533#t=\"><\/iframe>\t\t<\/div>\n\t\t\t\t\t\t<\/div>\n\t\t\t\t<\/div>\n\t\t\t\t<div class=\"elementor-element elementor-element-2f0be8f1 elementor-widget elementor-widget-text-editor\" data-id=\"2f0be8f1\" data-element_type=\"widget\" data-e-type=\"widget\" data-widget_type=\"text-editor.default\">\n\t\t\t\t<div class=\"elementor-widget-container\">\n\t\t\t\t\t\t\t\t\t<p><strong>Paso 2<\/strong>: <a href=\"https:\/\/azcces.info\/wp-content\/uploads\/2024\/02\/KC-QRC-Printing-Provider-Mobile-Sign-In-Sheet-for-KSmart-AZ-0224Sp.pdf\" target=\"_blank\" rel=\"noopener\">Imprimir la Hoja de Entrada M\u00f3vil del Proveedor<\/a><\/p>\t\t\t\t\t\t\t\t<\/div>\n\t\t\t\t<\/div>\n\t\t\t\t<div class=\"elementor-element elementor-element-7f9f990 elementor-widget elementor-widget-video\" data-id=\"7f9f990\" data-element_type=\"widget\" data-e-type=\"widget\" data-settings=\"{&quot;video_type&quot;:&quot;vimeo&quot;}\" data-widget_type=\"video.default\">\n\t\t\t\t<div class=\"elementor-widget-container\">\n\t\t\t\t\t\t\t<div class=\"elementor-wrapper elementor-open-inline\">\n\t\t\t<iframe class=\"elementor-video-iframe\" allowfullscreen allow=\"clipboard-write\" title=\"vimeo Video Player\" src=\"https:\/\/player.vimeo.com\/video\/1000895459?color&amp;autopause=0&amp;loop=0&amp;muted=0&amp;title=1&amp;portrait=0&amp;byline=0&amp;h=87bdb991a8#t=\"><\/iframe>\t\t<\/div>\n\t\t\t\t\t\t<\/div>\n\t\t\t\t<\/div>\n\t\t\t\t<div class=\"elementor-element elementor-element-48401978 elementor-widget elementor-widget-text-editor\" data-id=\"48401978\" data-element_type=\"widget\" data-e-type=\"widget\" data-widget_type=\"text-editor.default\">\n\t\t\t\t<div class=\"elementor-widget-container\">\n\t\t\t\t\t\t\t\t\t<p><a href=\"https:\/\/azcces.info\/wp-content\/uploads\/2024\/02\/KSmart-QRC-Sponsor-registration-to-iPhone-AZ-Sp0224-1.pdf\" target=\"_blank\" rel=\"noopener\">Registro de KSmart para Adultos Responsables para iPhone<\/a> | <a href=\"https:\/\/azcces.info\/wp-content\/uploads\/2024\/02\/KSmart-QRC-Sponsor-registration-to-Android-Phone-AZ-Sp0224-1.pdf\" target=\"_blank\" rel=\"noopener\">Registro de KSmart para Adultos Responsables para Android<\/a><\/p><p><a href=\"https:\/\/azcces.info\/wp-content\/uploads\/2024\/02\/Sponsor-Information-KinderSmart-Spanish.pdf\" target=\"_blank\" rel=\"noopener\">Informaci\u00f3n de KinderSmart para Padres<\/a><\/p>\t\t\t\t\t\t\t\t<\/div>\n\t\t\t\t<\/div>\n\t\t\t\t\t<\/div>\n\t\t\t\t<\/div>\n\t\t\t\t<\/div>\n\t\t<div id=\"e-n-tab-content-11922651782\" role=\"tabpanel\" aria-labelledby=\"e-n-tab-title-11922651782\" data-tab-index=\"2\" style=\"--n-tabs-title-order: 2;\" class=\" elementor-element elementor-element-24bc85d3 e-con-full e-flex e-con e-child\" data-id=\"24bc85d3\" data-element_type=\"container\" data-e-type=\"container\">\n\t\t<div class=\"elementor-element elementor-element-73beed64 e-flex e-con-boxed e-con e-child\" data-id=\"73beed64\" data-element_type=\"container\" data-e-type=\"container\">\n\t\t\t\t\t<div class=\"e-con-inner\">\n\t\t\t\t<div class=\"elementor-element elementor-element-145a8b43 elementor-widget elementor-widget-text-editor\" data-id=\"145a8b43\" data-element_type=\"widget\" data-e-type=\"widget\" data-widget_type=\"text-editor.default\">\n\t\t\t\t<div class=\"elementor-widget-container\">\n\t\t\t\t\t\t\t\t\t<p><strong>Los Adultos Responsables Utilizan la Tableta Personal de los Proveedores<\/strong><\/p><p>Para que los adultos responsables puedan registrar la asistencia utilizando la tableta, deber\u00e1 registrar cada tableta una sola vez. Si va a utilizar una tableta personal, deber\u00e1 descargar la aplicaci\u00f3n KinderSign antes de registrar la tableta. Para m\u00e1s informaci\u00f3n sobre c\u00f3mo descargar la aplicaci\u00f3n KinderSign, haga clic <a href=\"https:\/\/azcces.info\/wp-content\/uploads\/2023\/04\/KSign-QRC-Download-App-to-Android-Tablet-AZ-Sp0123.pdf\" target=\"_blank\" rel=\"noopener\">aqu\u00ed<\/a>.<\/p><p>Para registrar la tableta, deber\u00e1 seguir los pasos tanto de KinderConnect como de KinderSign. Para registrar su tableta, mire el video a continuaci\u00f3n o acceda a las instrucciones escritas debajo del video.<\/p>\t\t\t\t\t\t\t\t<\/div>\n\t\t\t\t<\/div>\n\t\t\t\t<div class=\"elementor-element elementor-element-c5aa11b elementor-widget elementor-widget-video\" data-id=\"c5aa11b\" data-element_type=\"widget\" data-e-type=\"widget\" data-settings=\"{&quot;video_type&quot;:&quot;vimeo&quot;}\" data-widget_type=\"video.default\">\n\t\t\t\t<div class=\"elementor-widget-container\">\n\t\t\t\t\t\t\t<div class=\"elementor-wrapper elementor-open-inline\">\n\t\t\t<iframe class=\"elementor-video-iframe\" allowfullscreen allow=\"clipboard-write\" title=\"vimeo Video Player\" src=\"https:\/\/player.vimeo.com\/video\/995876836?color&amp;autopause=0&amp;loop=0&amp;muted=0&amp;title=1&amp;portrait=0&amp;byline=0&amp;h=6cbe0a6076#t=\"><\/iframe>\t\t<\/div>\n\t\t\t\t\t\t<\/div>\n\t\t\t\t<\/div>\n\t\t\t\t<div class=\"elementor-element elementor-element-4e21cb45 elementor-widget elementor-widget-text-editor\" data-id=\"4e21cb45\" data-element_type=\"widget\" data-e-type=\"widget\" data-widget_type=\"text-editor.default\">\n\t\t\t\t<div class=\"elementor-widget-container\">\n\t\t\t\t\t\t\t\t\t<p><a href=\"https:\/\/azcces.info\/wp-content\/uploads\/2024\/07\/KSign-QRC-Provider-Device-Registration-AZ-Sp0724.pdf\" target=\"_blank\" rel=\"noopener\">Registro de Dispositivo del Proveedor<\/a><\/p>\t\t\t\t\t\t\t\t<\/div>\n\t\t\t\t<\/div>\n\t\t\t\t\t<\/div>\n\t\t\t\t<\/div>\n\t\t\t\t<\/div>\n\t\t\t\t\t<\/div>\n\t\t<\/div>\n\t\t\t\t\t\t<\/div>\n\t\t\t\t<\/div>\n\t\t\t\t\t<\/div>\n\t\t\t\t<\/div>\n\t\t<div class=\"elementor-element elementor-element-60b38110 e-flex e-con-boxed e-con e-parent\" data-id=\"60b38110\" data-element_type=\"container\" data-e-type=\"container\" data-settings=\"{&quot;background_background&quot;:&quot;classic&quot;}\">\n\t\t\t\t\t<div class=\"e-con-inner\">\n\t\t\t\t<div class=\"elementor-element elementor-element-5f493599 elementor-widget elementor-widget-heading\" data-id=\"5f493599\" data-element_type=\"widget\" data-e-type=\"widget\" data-widget_type=\"heading.default\">\n\t\t\t\t<div class=\"elementor-widget-container\">\n\t\t\t\t\t<h3 class=\"elementor-heading-title elementor-size-default\">Paso 5: Enviar Asistencia a DES<\/h3>\t\t\t\t<\/div>\n\t\t\t\t<\/div>\n\t\t\t\t<div class=\"elementor-element elementor-element-6576e7d6 elementor-widget elementor-widget-text-editor\" data-id=\"6576e7d6\" data-element_type=\"widget\" data-e-type=\"widget\" data-widget_type=\"text-editor.default\">\n\t\t\t\t<div class=\"elementor-widget-container\">\n\t\t\t\t\t\t\t\t\t<p>Los proveedores deben revisar las entradas de asistencia a lo largo del mes. Los proveedores deber\u00e1n corregir, a\u00f1adir ausencias o faltas de asistencia, antes de someter la asistencia para su pago. La asistencia puede someterse una vez completado el periodo de servicio mensual.<\/p>\t\t\t\t\t\t\t\t<\/div>\n\t\t\t\t<\/div>\n\t\t\t\t<div class=\"elementor-element elementor-element-3c11de38 elementor-widget elementor-widget-video\" data-id=\"3c11de38\" data-element_type=\"widget\" data-e-type=\"widget\" data-settings=\"{&quot;video_type&quot;:&quot;vimeo&quot;}\" data-widget_type=\"video.default\">\n\t\t\t\t<div class=\"elementor-widget-container\">\n\t\t\t\t\t\t\t<div class=\"elementor-wrapper elementor-open-inline\">\n\t\t\t<iframe class=\"elementor-video-iframe\" allowfullscreen allow=\"clipboard-write\" title=\"vimeo Video Player\" src=\"https:\/\/player.vimeo.com\/video\/995876836?color&amp;autopause=0&amp;loop=0&amp;muted=0&amp;title=1&amp;portrait=0&amp;byline=0&amp;h=6cbe0a6076#t=\"><\/iframe>\t\t<\/div>\n\t\t\t\t\t\t<\/div>\n\t\t\t\t<\/div>\n\t\t\t\t<div class=\"elementor-element elementor-element-2f94177a elementor-widget elementor-widget-text-editor\" data-id=\"2f94177a\" data-element_type=\"widget\" data-e-type=\"widget\" data-widget_type=\"text-editor.default\">\n\t\t\t\t<div class=\"elementor-widget-container\">\n\t\t\t\t\t\t\t\t\t<p><a href=\"https:\/\/azcces.info\/wp-content\/uploads\/2024\/03\/KC-QRC-Correct-Incomplete-Attendance-AZ-0324Sp.pdf\" target=\"_blank\" rel=\"noopener\">Corregir Asistencia<\/a><\/p><p><a href=\"https:\/\/azcces.info\/wp-content\/uploads\/2024\/06\/KC-QRC-Registrar-Ausencia-TX-0423.pdf\" target=\"_blank\" rel=\"noopener\">Registrar Ausencias<\/a><\/p><p><a href=\"https:\/\/azcces.info\/wp-content\/uploads\/2024\/02\/KC-QRC-Submit-Attendance-AZ-0224Sp.pdf\" target=\"_blank\" rel=\"noopener\">Someter Asistencia<\/a><\/p>\t\t\t\t\t\t\t\t<\/div>\n\t\t\t\t<\/div>\n\t\t\t\t\t<\/div>\n\t\t\t\t<\/div>\n\t\t<div class=\"elementor-element elementor-element-7b600f2a e-flex e-con-boxed e-con e-parent\" data-id=\"7b600f2a\" data-element_type=\"container\" data-e-type=\"container\" data-settings=\"{&quot;background_background&quot;:&quot;classic&quot;}\">\n\t\t\t\t\t<div class=\"e-con-inner\">\n\t\t\t\t<div class=\"elementor-element elementor-element-f0bf5bc elementor-widget elementor-widget-heading\" data-id=\"f0bf5bc\" data-element_type=\"widget\" data-e-type=\"widget\" data-widget_type=\"heading.default\">\n\t\t\t\t<div class=\"elementor-widget-container\">\n\t\t\t\t\t<h3 class=\"elementor-heading-title elementor-size-default\"><a href=\"https:\/\/azcces.info\/index.php\/frequently-asked-questions\/\">Step 5:  Provider FAQs<\/a><\/h3>\t\t\t\t<\/div>\n\t\t\t\t<\/div>\n\t\t\t\t\t<\/div>\n\t\t\t\t<\/div>\n\t\t<div class=\"elementor-element elementor-element-16dc07ee e-flex e-con-boxed e-con e-parent\" data-id=\"16dc07ee\" data-element_type=\"container\" data-e-type=\"container\">\n\t\t\t\t\t<div class=\"e-con-inner\">\n\t\t\t\t<div class=\"elementor-element elementor-element-7485090a elementor-widget elementor-widget-spacer\" data-id=\"7485090a\" data-element_type=\"widget\" data-e-type=\"widget\" data-widget_type=\"spacer.default\">\n\t\t\t\t<div class=\"elementor-widget-container\">\n\t\t\t\t\t\t\t<div class=\"elementor-spacer\">\n\t\t\t<div class=\"elementor-spacer-inner\"><\/div>\n\t\t<\/div>\n\t\t\t\t\t\t<\/div>\n\t\t\t\t<\/div>\n\t\t\t\t<div class=\"elementor-element elementor-element-5a2c92be elementor-widget elementor-widget-spacer\" data-id=\"5a2c92be\" data-element_type=\"widget\" data-e-type=\"widget\" data-widget_type=\"spacer.default\">\n\t\t\t\t<div class=\"elementor-widget-container\">\n\t\t\t\t\t\t\t<div class=\"elementor-spacer\">\n\t\t\t<div class=\"elementor-spacer-inner\"><\/div>\n\t\t<\/div>\n\t\t\t\t\t\t<\/div>\n\t\t\t\t<\/div>\n\t\t\t\t\t<\/div>\n\t\t\t\t<\/div>\n\t\t\t\t<\/div>\n\t\t","protected":false},"excerpt":{"rendered":"\u00a1Bienvenido al Sistema Electr\u00f3nico de Cuidado Infantil de Arizona (CCES)! KinderConnect Arizona 2\/17\/2026 Entrenamiento para proveedores de hogares certificados en espa\u00f1ol - Parte 1 de 6 pm a 7:30 pm 2\/25\/2026 Entrenamiento para proveedores de hogares certificados en espa\u00f1ol - &hellip; ","protected":false},"author":9,"featured_media":0,"parent":0,"menu_order":0,"comment_status":"closed","ping_status":"closed","template":"elementor_theme","meta":{"footnotes":""},"class_list":["post-4773","page","type-page","status-publish","hentry"],"_links":{"self":[{"href":"https:\/\/azcces.info\/index.php\/wp-json\/wp\/v2\/pages\/4773","targetHints":{"allow":["GET"]}}],"collection":[{"href":"https:\/\/azcces.info\/index.php\/wp-json\/wp\/v2\/pages"}],"about":[{"href":"https:\/\/azcces.info\/index.php\/wp-json\/wp\/v2\/types\/page"}],"author":[{"embeddable":true,"href":"https:\/\/azcces.info\/index.php\/wp-json\/wp\/v2\/users\/9"}],"replies":[{"embeddable":true,"href":"https:\/\/azcces.info\/index.php\/wp-json\/wp\/v2\/comments?post=4773"}],"version-history":[{"count":7,"href":"https:\/\/azcces.info\/index.php\/wp-json\/wp\/v2\/pages\/4773\/revisions"}],"predecessor-version":[{"id":4799,"href":"https:\/\/azcces.info\/index.php\/wp-json\/wp\/v2\/pages\/4773\/revisions\/4799"}],"wp:attachment":[{"href":"https:\/\/azcces.info\/index.php\/wp-json\/wp\/v2\/media?parent=4773"}],"curies":[{"name":"wp","href":"https:\/\/api.w.org\/{rel}","templated":true}]}}