{"id":4874,"date":"2026-03-11T08:09:36","date_gmt":"2026-03-11T15:09:36","guid":{"rendered":"https:\/\/azcces.info\/?page_id=4874"},"modified":"2026-04-22T12:07:33","modified_gmt":"2026-04-22T19:07:33","slug":"group-home-getting-started-spanish","status":"publish","type":"page","link":"https:\/\/azcces.info\/index.php\/group-home-getting-started-spanish\/","title":{"rendered":"Group Home Getting Started Spanish"},"content":{"rendered":"\t\t<div data-elementor-type=\"wp-page\" data-elementor-id=\"4874\" class=\"elementor elementor-4874\">\n\t\t\t\t<div class=\"elementor-element elementor-element-5ab70fb2 e-flex e-con-boxed e-con e-parent\" data-id=\"5ab70fb2\" data-element_type=\"container\" data-e-type=\"container\">\n\t\t\t\t\t<div class=\"e-con-inner\">\n\t\t\t\t<div class=\"elementor-element elementor-element-6e05459c elementor-widget elementor-widget-heading\" data-id=\"6e05459c\" data-element_type=\"widget\" data-e-type=\"widget\" data-widget_type=\"heading.default\">\n\t\t\t\t<div class=\"elementor-widget-container\">\n\t\t\t\t\t<h3 class=\"elementor-heading-title elementor-size-default\">\u00a1Bienvenido al Sistema Electr\u00f3nico de Cuidado Infantil de Arizona (CCES)!<\/h3>\t\t\t\t<\/div>\n\t\t\t\t<\/div>\n\t\t<div class=\"elementor-element elementor-element-19b7bcfb e-con-full e-flex e-con e-child\" data-id=\"19b7bcfb\" data-element_type=\"container\" data-e-type=\"container\">\n\t\t\t\t<div class=\"elementor-element elementor-element-5f000fbb elementor-view-default elementor-widget elementor-widget-icon\" data-id=\"5f000fbb\" data-element_type=\"widget\" data-e-type=\"widget\" data-widget_type=\"icon.default\">\n\t\t\t\t<div class=\"elementor-widget-container\">\n\t\t\t\t\t\t\t<div class=\"elementor-icon-wrapper\">\n\t\t\t<a class=\"elementor-icon\" href=\"https:\/\/azcces.com\/kinderconnect\/\">\n\t\t\t<i aria-hidden=\"true\" class=\"tk tk-website\"><\/i>\t\t\t<\/a>\n\t\t<\/div>\n\t\t\t\t\t\t<\/div>\n\t\t\t\t<\/div>\n\t\t\t\t<div class=\"elementor-element elementor-element-577f334e elementor-widget elementor-widget-text-editor\" data-id=\"577f334e\" data-element_type=\"widget\" data-e-type=\"widget\" data-widget_type=\"text-editor.default\">\n\t\t\t\t<div class=\"elementor-widget-container\">\n\t\t\t\t\t\t\t\t\t<p><a href=\"https:\/\/azcces.com\/kinderconnect\/\" target=\"_blank\" rel=\"noopener\">KinderConnect Arizona<\/a><\/p>\t\t\t\t\t\t\t\t<\/div>\n\t\t\t\t<\/div>\n\t\t\t\t<\/div>\n\t\t\t\t<div class=\"elementor-element elementor-element-6f8606ac elementor-widget elementor-widget-text-editor\" data-id=\"6f8606ac\" data-element_type=\"widget\" data-e-type=\"widget\" data-widget_type=\"text-editor.default\">\n\t\t\t\t<div class=\"elementor-widget-container\">\n\t\t\t\t\t\t\t\t\t<p><strong>\u00a1Bienvenido, proveedor de hogar grupal!<\/strong> El CCES ofrecer\u00e1 a los proveedores de cuidado infantil contratados por el DES la posibilidad de capturar los registros de entrada y salida de los cuidadores, padres y guardianes, y de someter la facturaci\u00f3n al DES mediante un proceso totalmente automatizado.<\/p><p>Esta p\u00e1gina ofrece una introducci\u00f3n al funcionamiento del nuevo sistema, le guiar\u00e1 a trav\u00e9s del proceso de registro y le mostrar\u00e1 c\u00f3mo configurar a sus adultos responsables para que registren la asistencia.<\/p>\t\t\t\t\t\t\t\t<\/div>\n\t\t\t\t<\/div>\n\t\t\t\t<div class=\"elementor-element elementor-element-d562ba0 elementor-widget-divider--view-line elementor-widget elementor-widget-divider\" data-id=\"d562ba0\" data-element_type=\"widget\" data-e-type=\"widget\" data-widget_type=\"divider.default\">\n\t\t\t\t<div class=\"elementor-widget-container\">\n\t\t\t\t\t\t\t<div class=\"elementor-divider\">\n\t\t\t<span class=\"elementor-divider-separator\">\n\t\t\t\t\t\t<\/span>\n\t\t<\/div>\n\t\t\t\t\t\t<\/div>\n\t\t\t\t<\/div>\n\t\t\t\t\t<\/div>\n\t\t\t\t<\/div>\n\t\t<div class=\"elementor-element elementor-element-60375f8 e-flex e-con-boxed e-con e-parent\" data-id=\"60375f8\" data-element_type=\"container\" data-e-type=\"container\" data-settings=\"{&quot;background_background&quot;:&quot;classic&quot;}\">\n\t\t\t\t\t<div class=\"e-con-inner\">\n\t\t\t\t<div class=\"elementor-element elementor-element-2a80a4a2 elementor-widget elementor-widget-heading\" data-id=\"2a80a4a2\" data-element_type=\"widget\" data-e-type=\"widget\" data-widget_type=\"heading.default\">\n\t\t\t\t<div class=\"elementor-widget-container\">\n\t\t\t\t\t<h3 class=\"elementor-heading-title elementor-size-default\">Paso 1: C\u00f3digo de Verificaci\u00f3n (PIN)<\/h3>\t\t\t\t<\/div>\n\t\t\t\t<\/div>\n\t\t\t\t<div class=\"elementor-element elementor-element-4c596916 elementor-widget elementor-widget-text-editor\" data-id=\"4c596916\" data-element_type=\"widget\" data-e-type=\"widget\" data-widget_type=\"text-editor.default\">\n\t\t\t\t<div class=\"elementor-widget-container\">\n\t\t\t\t\t\t\t\t\t<p>Una vez que haya firmado el acuerdo de participaci\u00f3n, el DES le enviar\u00e1 la informaci\u00f3n de verificaci\u00f3n necesaria para registrar su cuenta de KinderConnect. Si no ha recibido esta informaci\u00f3n, comun\u00edquese con su encuestador antes de pasar al siguiente paso.<\/p>\t\t\t\t\t\t\t\t<\/div>\n\t\t\t\t<\/div>\n\t\t\t\t\t<\/div>\n\t\t\t\t<\/div>\n\t\t<div class=\"elementor-element elementor-element-79442a5e e-flex e-con-boxed e-con e-parent\" data-id=\"79442a5e\" data-element_type=\"container\" data-e-type=\"container\" data-settings=\"{&quot;background_background&quot;:&quot;classic&quot;}\">\n\t\t\t\t\t<div class=\"e-con-inner\">\n\t\t\t\t<div class=\"elementor-element elementor-element-48af0e3 elementor-widget elementor-widget-heading\" data-id=\"48af0e3\" data-element_type=\"widget\" data-e-type=\"widget\" data-widget_type=\"heading.default\">\n\t\t\t\t<div class=\"elementor-widget-container\">\n\t\t\t\t\t<h3 class=\"elementor-heading-title elementor-size-default\">Paso 2: Registro en KinderConnect<\/h3>\t\t\t\t<\/div>\n\t\t\t\t<\/div>\n\t\t\t\t<div class=\"elementor-element elementor-element-69df43f7 elementor-widget elementor-widget-text-editor\" data-id=\"69df43f7\" data-element_type=\"widget\" data-e-type=\"widget\" data-widget_type=\"text-editor.default\">\n\t\t\t\t<div class=\"elementor-widget-container\">\n\t\t\t\t\t\t\t\t\t<p>Una vez que reciba su ID de proveedor DES y el c\u00f3digo de verificaci\u00f3n, ya podr\u00e1 completar el registro en KinderConnect. Por favor, utilice la gu\u00eda y el v\u00eddeo a continuaci\u00f3n.<\/p>\t\t\t\t\t\t\t\t<\/div>\n\t\t\t\t<\/div>\n\t\t\t\t<div class=\"elementor-element elementor-element-20d5a3d6 elementor-widget elementor-widget-video\" data-id=\"20d5a3d6\" data-element_type=\"widget\" data-e-type=\"widget\" data-settings=\"{&quot;video_type&quot;:&quot;vimeo&quot;}\" data-widget_type=\"video.default\">\n\t\t\t\t<div class=\"elementor-widget-container\">\n\t\t\t\t\t\t\t<div class=\"elementor-wrapper elementor-open-inline\">\n\t\t\t<iframe class=\"elementor-video-iframe\" allowfullscreen allow=\"clipboard-write\" title=\"vimeo Video Player\" src=\"https:\/\/player.vimeo.com\/video\/995866580?color&amp;autopause=0&amp;loop=0&amp;muted=0&amp;title=1&amp;portrait=0&amp;byline=0&amp;h=0643bafa68#t=\"><\/iframe>\t\t<\/div>\n\t\t\t\t\t\t<\/div>\n\t\t\t\t<\/div>\n\t\t\t\t<div class=\"elementor-element elementor-element-549904a8 elementor-widget elementor-widget-text-editor\" data-id=\"549904a8\" data-element_type=\"widget\" data-e-type=\"widget\" data-widget_type=\"text-editor.default\">\n\t\t\t\t<div class=\"elementor-widget-container\">\n\t\t\t\t\t\t\t\t\t<p><a href=\"https:\/\/azcces.info\/wp-content\/uploads\/2024\/02\/KC-QRC-Initial-Provider-Registration-AZ-0224Sp.pdf\" target=\"_blank\" rel=\"noopener\">Registro de proveedores en KinderConnect<\/a><\/p>\t\t\t\t\t\t\t\t<\/div>\n\t\t\t\t<\/div>\n\t\t\t\t<div class=\"elementor-element elementor-element-9ab4f8f elementor-widget elementor-widget-spacer\" data-id=\"9ab4f8f\" data-element_type=\"widget\" data-e-type=\"widget\" data-widget_type=\"spacer.default\">\n\t\t\t\t<div class=\"elementor-widget-container\">\n\t\t\t\t\t\t\t<div class=\"elementor-spacer\">\n\t\t\t<div class=\"elementor-spacer-inner\"><\/div>\n\t\t<\/div>\n\t\t\t\t\t\t<\/div>\n\t\t\t\t<\/div>\n\t\t\t\t\t<\/div>\n\t\t\t\t<\/div>\n\t\t<div class=\"elementor-element elementor-element-20cf235 e-flex e-con-boxed e-con e-parent\" data-id=\"20cf235\" data-element_type=\"container\" data-e-type=\"container\" data-settings=\"{&quot;background_background&quot;:&quot;classic&quot;}\">\n\t\t\t\t\t<div class=\"e-con-inner\">\n\t\t\t\t<div class=\"elementor-element elementor-element-1d88c12 elementor-widget elementor-widget-heading\" data-id=\"1d88c12\" data-element_type=\"widget\" data-e-type=\"widget\" data-widget_type=\"heading.default\">\n\t\t\t\t<div class=\"elementor-widget-container\">\n\t\t\t\t\t<h3 class=\"elementor-heading-title elementor-size-default\">Paso 3: Agregar ni\u00f1os de pago privado<\/h3>\t\t\t\t<\/div>\n\t\t\t\t<\/div>\n\t\t\t\t<div class=\"elementor-element elementor-element-f78ae20 elementor-widget elementor-widget-text-editor\" data-id=\"f78ae20\" data-element_type=\"widget\" data-e-type=\"widget\" data-widget_type=\"text-editor.default\">\n\t\t\t\t<div class=\"elementor-widget-container\">\n\t\t\t\t\t\t\t\t\t<p>Se requiere que los proveedores agreguen a los ni\u00f1os de pago privado. Estas son los ni\u00f1os que no est\u00e1n autorizados ni subsidiados por AZDES. Estos ni\u00f1os de pago privado son agregados para dar seguimiento a la asistencia mientras se tramita el subsidio. Una vez que se agrega a un ni\u00f1o de pago privado, se debe agregar un adulto responsable y vincularlo al ni\u00f1o. Haga clic en las gu\u00edas que aparecen a continuaci\u00f3n para ver los pasos a seguir.<\/p>\t\t\t\t\t\t\t\t<\/div>\n\t\t\t\t<\/div>\n\t\t\t\t<div class=\"elementor-element elementor-element-d632c1c elementor-widget elementor-widget-text-editor\" data-id=\"d632c1c\" data-element_type=\"widget\" data-e-type=\"widget\" data-widget_type=\"text-editor.default\">\n\t\t\t\t<div class=\"elementor-widget-container\">\n\t\t\t\t\t\t\t\t\t<p><a href=\"https:\/\/azcces.info\/wp-content\/uploads\/2026\/04\/KC-QRC-Adding-Private-Pay-Children-AZ-0224Sp.pdf\" target=\"_blank\" rel=\"noopener\">Agregar ni\u00f1os de pago privado<\/a> | <a href=\"https:\/\/azcces.info\/wp-content\/uploads\/2026\/04\/KC-QRC-Adding-Caretakers-Sponsors-to-a-Child-AZ-0224Sp.pdf\" target=\"_blank\" rel=\"noopener\">Agregar Guardianes\/Adultos Responsables a un Ni\u00f1o<\/a><\/p>\t\t\t\t\t\t\t\t<\/div>\n\t\t\t\t<\/div>\n\t\t\t\t\t<\/div>\n\t\t\t\t<\/div>\n\t\t<div class=\"elementor-element elementor-element-7359af5d e-flex e-con-boxed e-con e-parent\" data-id=\"7359af5d\" data-element_type=\"container\" data-e-type=\"container\" id=\"next\">\n\t\t\t\t\t<div class=\"e-con-inner\">\n\t\t\t\t<div class=\"elementor-element elementor-element-7d0cf96a elementor-widget elementor-widget-heading\" data-id=\"7d0cf96a\" data-element_type=\"widget\" data-e-type=\"widget\" data-widget_type=\"heading.default\">\n\t\t\t\t<div class=\"elementor-widget-container\">\n\t\t\t\t\t<h3 class=\"elementor-heading-title elementor-size-default\">Paso 4: Informaci\u00f3n de Registro del Adulto Responsable<\/h3>\t\t\t\t<\/div>\n\t\t\t\t<\/div>\n\t\t\t\t<div class=\"elementor-element elementor-element-79d309aa elementor-widget elementor-widget-text-editor\" data-id=\"79d309aa\" data-element_type=\"widget\" data-e-type=\"widget\" data-widget_type=\"text-editor.default\">\n\t\t\t\t<div class=\"elementor-widget-container\">\n\t\t\t\t\t\t\t\t\t<p>Despu\u00e9s de crear su cuenta, informe a los padres y adultos responsables que configuren KinderSign y\/o KinderSmart para grabar la asistencia. Por favor, revise los detalles de ambos en los paneles de abajo y seleccione el\/los m\u00e9todo\/s que funcione mejor.<\/p>\t\t\t\t\t\t\t\t<\/div>\n\t\t\t\t<\/div>\n\t\t\t\t<div class=\"elementor-element elementor-element-fc6970c thim-widget-tab e-n-tabs-tablet elementor-widget elementor-widget-n-tabs\" data-id=\"fc6970c\" data-element_type=\"widget\" data-e-type=\"widget\" data-settings=\"{&quot;tabs_justify_horizontal&quot;:&quot;stretch&quot;,&quot;horizontal_scroll&quot;:&quot;disable&quot;}\" data-widget_type=\"nested-tabs.default\">\n\t\t\t\t<div class=\"elementor-widget-container\">\n\t\t\t\t\t\t\t<div class=\"e-n-tabs\" data-widget-number=\"264673036\" aria-label=\"Tabs. Open items with Enter or Space, close with Escape and navigate using the Arrow keys.\">\n\t\t\t<div class=\"e-n-tabs-heading\" role=\"tablist\">\n\t\t\t\t\t<button id=\"e-n-tab-title-2646730361\" data-tab-title-id=\"e-n-tab-title-2646730361\" class=\"e-n-tab-title\" aria-selected=\"true\" data-tab-index=\"1\" role=\"tab\" tabindex=\"0\" aria-controls=\"e-n-tab-content-2646730361\" style=\"--n-tabs-title-order: 1;\">\n\t\t\t\t\t\t<span class=\"e-n-tab-title-text\">\n\t\t\t\tKinderSign (Tableta del proveedor)\t\t\t<\/span>\n\t\t<\/button>\n\t\t\t\t<button id=\"e-n-tab-title-2646730362\" data-tab-title-id=\"e-n-tab-title-2646730362\" class=\"e-n-tab-title\" aria-selected=\"false\" data-tab-index=\"2\" role=\"tab\" tabindex=\"-1\" aria-controls=\"e-n-tab-content-2646730362\" style=\"--n-tabs-title-order: 2;\">\n\t\t\t\t\t\t<span class=\"e-n-tab-title-text\">\n\t\t\t\tKinderSmart (Tel\u00e9fono del adulto responsable)\t\t\t<\/span>\n\t\t<\/button>\n\t\t\t\t\t<\/div>\n\t\t\t<div class=\"e-n-tabs-content\">\n\t\t\t\t<div id=\"e-n-tab-content-2646730361\" role=\"tabpanel\" aria-labelledby=\"e-n-tab-title-2646730361\" data-tab-index=\"1\" style=\"--n-tabs-title-order: 1;\" class=\"e-active elementor-element elementor-element-3450d1d2 e-con-full e-flex e-con e-child\" data-id=\"3450d1d2\" data-element_type=\"container\" data-e-type=\"container\">\n\t\t<div class=\"elementor-element elementor-element-6b14970 e-flex e-con-boxed e-con e-child\" data-id=\"6b14970\" data-element_type=\"container\" data-e-type=\"container\">\n\t\t\t\t\t<div class=\"e-con-inner\">\n\t\t\t\t<div class=\"elementor-element elementor-element-6432835 elementor-widget elementor-widget-text-editor\" data-id=\"6432835\" data-element_type=\"widget\" data-e-type=\"widget\" data-widget_type=\"text-editor.default\">\n\t\t\t\t<div class=\"elementor-widget-container\">\n\t\t\t\t\t\t\t\t\t<p><strong>Los Adultos Responsables Utilizan la Tableta Personal de los Proveedores<\/strong><\/p><p>Para que los adultos responsables puedan registrar la asistencia utilizando la tableta, deber\u00e1 registrar cada tableta una sola vez. Si va a utilizar una tableta personal, deber\u00e1 descargar la aplicaci\u00f3n KinderSign antes de registrar la tableta. Para m\u00e1s informaci\u00f3n sobre c\u00f3mo descargar la aplicaci\u00f3n KinderSign, haga clic <a href=\"https:\/\/azcces.info\/wp-content\/uploads\/2023\/04\/KSign-QRC-Download-App-to-Android-Tablet-AZ-Sp0123.pdf\" target=\"_blank\" rel=\"noopener\">aqu\u00ed<\/a>.<\/p><p>Para registrar la tableta, deber\u00e1 seguir los pasos tanto de KinderConnect como de KinderSign. Para registrar su tableta, mire el video a continuaci\u00f3n o acceda a las instrucciones escritas debajo del video.<\/p>\t\t\t\t\t\t\t\t<\/div>\n\t\t\t\t<\/div>\n\t\t\t\t<div class=\"elementor-element elementor-element-cb39e9f elementor-widget elementor-widget-video\" data-id=\"cb39e9f\" data-element_type=\"widget\" data-e-type=\"widget\" data-settings=\"{&quot;video_type&quot;:&quot;vimeo&quot;}\" data-widget_type=\"video.default\">\n\t\t\t\t<div class=\"elementor-widget-container\">\n\t\t\t\t\t\t\t<div class=\"elementor-wrapper elementor-open-inline\">\n\t\t\t<iframe class=\"elementor-video-iframe\" allowfullscreen allow=\"clipboard-write\" title=\"vimeo Video Player\" src=\"https:\/\/player.vimeo.com\/video\/995876836?color&amp;autopause=0&amp;loop=0&amp;muted=0&amp;title=1&amp;portrait=0&amp;byline=0&amp;h=6cbe0a6076#t=\"><\/iframe>\t\t<\/div>\n\t\t\t\t\t\t<\/div>\n\t\t\t\t<\/div>\n\t\t\t\t<div class=\"elementor-element elementor-element-45bff796 elementor-widget elementor-widget-text-editor\" data-id=\"45bff796\" data-element_type=\"widget\" data-e-type=\"widget\" data-widget_type=\"text-editor.default\">\n\t\t\t\t<div class=\"elementor-widget-container\">\n\t\t\t\t\t\t\t\t\t<p><a href=\"https:\/\/azcces.info\/wp-content\/uploads\/2024\/07\/KSign-QRC-Provider-Device-Registration-AZ-Sp0724.pdf\" target=\"_blank\" rel=\"noopener\">Registro de Dispositivo del Proveedor<\/a><\/p>\t\t\t\t\t\t\t\t<\/div>\n\t\t\t\t<\/div>\n\t\t\t\t\t<\/div>\n\t\t\t\t<\/div>\n\t\t\t\t<\/div>\n\t\t<div id=\"e-n-tab-content-2646730362\" role=\"tabpanel\" aria-labelledby=\"e-n-tab-title-2646730362\" data-tab-index=\"2\" style=\"--n-tabs-title-order: 2;\" class=\" elementor-element elementor-element-5e15e819 e-con-full e-flex e-con e-child\" data-id=\"5e15e819\" data-element_type=\"container\" data-e-type=\"container\">\n\t\t<div class=\"elementor-element elementor-element-2ab5d056 e-flex e-con-boxed e-con e-child\" data-id=\"2ab5d056\" data-element_type=\"container\" data-e-type=\"container\">\n\t\t\t\t\t<div class=\"e-con-inner\">\n\t\t\t\t<div class=\"elementor-element elementor-element-6960449b elementor-widget elementor-widget-text-editor\" data-id=\"6960449b\" data-element_type=\"widget\" data-e-type=\"widget\" data-widget_type=\"text-editor.default\">\n\t\t\t\t<div class=\"elementor-widget-container\">\n\t\t\t\t\t\t\t\t\t<p><strong>Los Adultos Responsables Utilizan sus Tel\u00e9fonos Personales<\/strong><\/p><p><strong>Paso 1<\/strong>: <a href=\"https:\/\/azcces.info\/wp-content\/uploads\/2024\/06\/KSmart-QRC-Sponsor-Registration-AZ-Sp0224.pdf\" target=\"_blank\" rel=\"noopener\">Imprimir el Registro de KinderSmart por cada Adulto Responsable<\/a><\/p><p>Para que los adultos personales puedan registrar la asistencia mediante sus tel\u00e9fonos, deber\u00e1 proveer un Formulario de Registro de KinderSmart para cada adulto responsable individual e imprimir la Hoja de Registro M\u00f3vil del Proveedor que todos los adultos responsables compartir\u00e1n desde su cuenta de KinderConnect. Siga las instrucciones a continuaci\u00f3n.<\/p>\t\t\t\t\t\t\t\t<\/div>\n\t\t\t\t<\/div>\n\t\t\t\t<div class=\"elementor-element elementor-element-7f6662cc elementor-widget elementor-widget-video\" data-id=\"7f6662cc\" data-element_type=\"widget\" data-e-type=\"widget\" data-settings=\"{&quot;video_type&quot;:&quot;vimeo&quot;}\" data-widget_type=\"video.default\">\n\t\t\t\t<div class=\"elementor-widget-container\">\n\t\t\t\t\t\t\t<div class=\"elementor-wrapper elementor-open-inline\">\n\t\t\t<iframe class=\"elementor-video-iframe\" allowfullscreen allow=\"clipboard-write\" title=\"vimeo Video Player\" src=\"https:\/\/player.vimeo.com\/video\/1043664429?color&amp;autopause=0&amp;loop=0&amp;muted=0&amp;title=1&amp;portrait=0&amp;byline=0&amp;h=2cd6187533#t=\"><\/iframe>\t\t<\/div>\n\t\t\t\t\t\t<\/div>\n\t\t\t\t<\/div>\n\t\t\t\t<div class=\"elementor-element elementor-element-78fee506 elementor-widget elementor-widget-text-editor\" data-id=\"78fee506\" data-element_type=\"widget\" data-e-type=\"widget\" data-widget_type=\"text-editor.default\">\n\t\t\t\t<div class=\"elementor-widget-container\">\n\t\t\t\t\t\t\t\t\t<p><strong>Paso 2<\/strong>: <a href=\"https:\/\/azcces.info\/wp-content\/uploads\/2024\/02\/KC-QRC-Printing-Provider-Mobile-Sign-In-Sheet-for-KSmart-AZ-0224Sp.pdf\" target=\"_blank\" rel=\"noopener\">Imprimir la Hoja de Entrada M\u00f3vil del Proveedor<\/a><\/p>\t\t\t\t\t\t\t\t<\/div>\n\t\t\t\t<\/div>\n\t\t\t\t<div class=\"elementor-element elementor-element-381ff107 elementor-widget elementor-widget-video\" data-id=\"381ff107\" data-element_type=\"widget\" data-e-type=\"widget\" data-settings=\"{&quot;video_type&quot;:&quot;vimeo&quot;}\" data-widget_type=\"video.default\">\n\t\t\t\t<div class=\"elementor-widget-container\">\n\t\t\t\t\t\t\t<div class=\"elementor-wrapper elementor-open-inline\">\n\t\t\t<iframe class=\"elementor-video-iframe\" allowfullscreen allow=\"clipboard-write\" title=\"vimeo Video Player\" src=\"https:\/\/player.vimeo.com\/video\/1000895459?color&amp;autopause=0&amp;loop=0&amp;muted=0&amp;title=1&amp;portrait=0&amp;byline=0&amp;h=87bdb991a8#t=\"><\/iframe>\t\t<\/div>\n\t\t\t\t\t\t<\/div>\n\t\t\t\t<\/div>\n\t\t\t\t<div class=\"elementor-element elementor-element-6e179a6a elementor-widget elementor-widget-text-editor\" data-id=\"6e179a6a\" data-element_type=\"widget\" data-e-type=\"widget\" data-widget_type=\"text-editor.default\">\n\t\t\t\t<div class=\"elementor-widget-container\">\n\t\t\t\t\t\t\t\t\t<p><a href=\"https:\/\/azcces.info\/wp-content\/uploads\/2024\/02\/KSmart-QRC-Sponsor-registration-to-iPhone-AZ-Sp0224-1.pdf\" target=\"_blank\" rel=\"noopener\">Registro de KSmart para Adultos Responsables para iPhone<\/a> | <a href=\"https:\/\/azcces.info\/wp-content\/uploads\/2024\/02\/KSmart-QRC-Sponsor-registration-to-Android-Phone-AZ-Sp0224-1.pdf\" target=\"_blank\" rel=\"noopener\">Registro de KSmart para Adultos Responsables para Android<\/a><\/p><p><a href=\"https:\/\/azcces.info\/wp-content\/uploads\/2024\/02\/Sponsor-Information-KinderSmart-Spanish.pdf\" target=\"_blank\" rel=\"noopener\">Informaci\u00f3n de KinderSmart para Padres<\/a><\/p>\t\t\t\t\t\t\t\t<\/div>\n\t\t\t\t<\/div>\n\t\t\t\t\t<\/div>\n\t\t\t\t<\/div>\n\t\t\t\t<\/div>\n\t\t\t\t\t<\/div>\n\t\t<\/div>\n\t\t\t\t\t\t<\/div>\n\t\t\t\t<\/div>\n\t\t\t\t\t<\/div>\n\t\t\t\t<\/div>\n\t\t<div class=\"elementor-element elementor-element-506e2473 e-flex e-con-boxed e-con e-parent\" data-id=\"506e2473\" data-element_type=\"container\" data-e-type=\"container\" data-settings=\"{&quot;background_background&quot;:&quot;classic&quot;}\">\n\t\t\t\t\t<div class=\"e-con-inner\">\n\t\t\t\t<div class=\"elementor-element elementor-element-2a0668cc elementor-widget elementor-widget-heading\" data-id=\"2a0668cc\" data-element_type=\"widget\" data-e-type=\"widget\" data-widget_type=\"heading.default\">\n\t\t\t\t<div class=\"elementor-widget-container\">\n\t\t\t\t\t<h3 class=\"elementor-heading-title elementor-size-default\">Paso 5: Revisar, corregir y someter la asistencia al DES<\/h3>\t\t\t\t<\/div>\n\t\t\t\t<\/div>\n\t\t\t\t<div class=\"elementor-element elementor-element-126ce4b0 elementor-widget elementor-widget-text-editor\" data-id=\"126ce4b0\" data-element_type=\"widget\" data-e-type=\"widget\" data-widget_type=\"text-editor.default\">\n\t\t\t\t<div class=\"elementor-widget-container\">\n\t\t\t\t\t\t\t\t\t<p>Los proveedores deben revisar las entradas de asistencia a lo largo del mes. Los proveedores deber\u00e1n corregir, a\u00f1adir ausencias o faltas de asistencia, antes de someter la asistencia para su pago. La asistencia puede someterse una vez completado el periodo de servicio mensual.<\/p>\t\t\t\t\t\t\t\t<\/div>\n\t\t\t\t<\/div>\n\t\t\t\t<div class=\"elementor-element elementor-element-626745e0 elementor-widget elementor-widget-video\" data-id=\"626745e0\" data-element_type=\"widget\" data-e-type=\"widget\" data-settings=\"{&quot;video_type&quot;:&quot;vimeo&quot;}\" data-widget_type=\"video.default\">\n\t\t\t\t<div class=\"elementor-widget-container\">\n\t\t\t\t\t\t\t<div class=\"elementor-wrapper elementor-open-inline\">\n\t\t\t<iframe class=\"elementor-video-iframe\" allowfullscreen allow=\"clipboard-write\" title=\"vimeo Video Player\" src=\"https:\/\/player.vimeo.com\/video\/1090234094?color&amp;autopause=0&amp;loop=0&amp;muted=0&amp;title=1&amp;portrait=0&amp;byline=0&amp;h=25ac5ca05d#t=\"><\/iframe>\t\t<\/div>\n\t\t\t\t\t\t<\/div>\n\t\t\t\t<\/div>\n\t\t\t\t<div class=\"elementor-element elementor-element-7d696290 elementor-widget elementor-widget-text-editor\" data-id=\"7d696290\" data-element_type=\"widget\" data-e-type=\"widget\" data-widget_type=\"text-editor.default\">\n\t\t\t\t<div class=\"elementor-widget-container\">\n\t\t\t\t\t\t\t\t\t<p><a href=\"https:\/\/azcces.info\/wp-content\/uploads\/2024\/03\/KC-QRC-Correct-Incomplete-Attendance-AZ-0324Sp.pdf\" target=\"_blank\" rel=\"noopener\">Corregir Asistencia Incompleta<\/a><\/p>\t\t\t\t\t\t\t\t<\/div>\n\t\t\t\t<\/div>\n\t\t\t\t<div class=\"elementor-element elementor-element-0de79fa elementor-widget elementor-widget-video\" data-id=\"0de79fa\" data-element_type=\"widget\" data-e-type=\"widget\" data-settings=\"{&quot;video_type&quot;:&quot;vimeo&quot;}\" data-widget_type=\"video.default\">\n\t\t\t\t<div class=\"elementor-widget-container\">\n\t\t\t\t\t\t\t<div class=\"elementor-wrapper elementor-open-inline\">\n\t\t\t<iframe class=\"elementor-video-iframe\" allowfullscreen allow=\"clipboard-write\" title=\"vimeo Video Player\" src=\"https:\/\/player.vimeo.com\/video\/1090259740?color&amp;autopause=0&amp;loop=0&amp;muted=0&amp;title=1&amp;portrait=1&amp;byline=1&amp;h=72af2b4752#t=\"><\/iframe>\t\t<\/div>\n\t\t\t\t\t\t<\/div>\n\t\t\t\t<\/div>\n\t\t\t\t<div class=\"elementor-element elementor-element-6d6bb6c elementor-widget elementor-widget-text-editor\" data-id=\"6d6bb6c\" data-element_type=\"widget\" data-e-type=\"widget\" data-widget_type=\"text-editor.default\">\n\t\t\t\t<div class=\"elementor-widget-container\">\n\t\t\t\t\t\t\t\t\t<p><a href=\"https:\/\/azcces.info\/wp-content\/uploads\/2024\/02\/KC-QRC-Submit-Attendance-AZ-0224Sp.pdf\" target=\"_blank\" rel=\"noopener\">Someter Asistencia<\/a><\/p>\t\t\t\t\t\t\t\t<\/div>\n\t\t\t\t<\/div>\n\t\t\t\t\t<\/div>\n\t\t\t\t<\/div>\n\t\t<div class=\"elementor-element elementor-element-3c2fbc48 e-flex e-con-boxed e-con e-parent\" data-id=\"3c2fbc48\" data-element_type=\"container\" data-e-type=\"container\">\n\t\t\t\t\t<div class=\"e-con-inner\">\n\t\t\t\t<div class=\"elementor-element elementor-element-1679c9 elementor-widget elementor-widget-spacer\" data-id=\"1679c9\" data-element_type=\"widget\" data-e-type=\"widget\" data-widget_type=\"spacer.default\">\n\t\t\t\t<div class=\"elementor-widget-container\">\n\t\t\t\t\t\t\t<div class=\"elementor-spacer\">\n\t\t\t<div class=\"elementor-spacer-inner\"><\/div>\n\t\t<\/div>\n\t\t\t\t\t\t<\/div>\n\t\t\t\t<\/div>\n\t\t\t\t\t<\/div>\n\t\t\t\t<\/div>\n\t\t\t\t<\/div>\n\t\t","protected":false},"excerpt":{"rendered":"\u00a1Bienvenido al Sistema Electr\u00f3nico de Cuidado Infantil de Arizona (CCES)! KinderConnect Arizona \u00a1Bienvenido, proveedor de hogar grupal! El CCES ofrecer\u00e1 a los proveedores de cuidado infantil contratados por el DES la posibilidad de capturar los registros de entrada y salida &hellip; ","protected":false},"author":13,"featured_media":0,"parent":0,"menu_order":0,"comment_status":"closed","ping_status":"closed","template":"elementor_theme","meta":{"footnotes":""},"class_list":["post-4874","page","type-page","status-publish","hentry"],"_links":{"self":[{"href":"https:\/\/azcces.info\/index.php\/wp-json\/wp\/v2\/pages\/4874","targetHints":{"allow":["GET"]}}],"collection":[{"href":"https:\/\/azcces.info\/index.php\/wp-json\/wp\/v2\/pages"}],"about":[{"href":"https:\/\/azcces.info\/index.php\/wp-json\/wp\/v2\/types\/page"}],"author":[{"embeddable":true,"href":"https:\/\/azcces.info\/index.php\/wp-json\/wp\/v2\/users\/13"}],"replies":[{"embeddable":true,"href":"https:\/\/azcces.info\/index.php\/wp-json\/wp\/v2\/comments?post=4874"}],"version-history":[{"count":13,"href":"https:\/\/azcces.info\/index.php\/wp-json\/wp\/v2\/pages\/4874\/revisions"}],"predecessor-version":[{"id":5172,"href":"https:\/\/azcces.info\/index.php\/wp-json\/wp\/v2\/pages\/4874\/revisions\/5172"}],"wp:attachment":[{"href":"https:\/\/azcces.info\/index.php\/wp-json\/wp\/v2\/media?parent=4874"}],"curies":[{"name":"wp","href":"https:\/\/api.w.org\/{rel}","templated":true}]}}